2). Suppose 0 = 2*x + 2 + 2, k*x = -y - 1. What is the remainder when 25 is divided by y?
4
Let n = 6 + 1. Let k be -3*(100/(-15))/5. Suppose -a + k = -9. Calculate the remainder when a is divided by n.
6
Let q be 1 + -4 + (1 - 0). Let z be 2 - 0 - 4/q. What is the remainder when (2/3)/(z/6) is divided by 1?
0
Let o(a) = 7*a**3 - 3*a**2 + 2*a + 2. Let i = 14 - 12. Calculate the remainder when o(i) is divided by 13.
11
Let b = 5 - 2. Suppose -b*z + 213 - 12 = 0. What is the remainder when z is divided by 17?
16
Let o(p) = p**3 - p**2 - p. Let c be o(0). Calculate the remainder when 18 is divided by 9 + c + 0 + 1.
8
Suppose 4*m - 232 = -4*o, 3*o = -2*o - m + 286. Let w(d) = -2*d + 4. Calculate the remainder when o is divided by w(-8).
17
Let g(i) = 2 - 27*i + 2*i - 3. Calculate the remainder when g(-1) is divided by 4/(-8) + (-54)/(-4).
11
Let u(k) be the second derivative of 11*k**4/6 - k**3/3 + k**2/2 - k. Calculate the remainder when 8/((-33)/(-15) + -2) is divided by u(1).
19
Let t = 16 + -9. Let d be 1*(3 + -2)*-8. Let n = t - d. Calculate the remainder when n is divided by 6.
3
Let o = 1 - -16. Let c = o - 0. What is the remainder when c is divided by 6?
5
Let h = -9 + 30. What is the remainder when 98 is divided by h?
14
Let k(z) = z**2 + 8. Calculate the remainder when k(7) is divided by 20.
17
Let p be (11 + -7)*(1 - 0). Suppose 5*i - 12 = -2*x + 2, x = -i + p. Suppose -2 = -x*j + 26. Calculate the remainder when 41 is divided by j.
13
Suppose 0 = z + z - s - 6, -2*s = 4*z - 28. Let l(w) = -2*w**2 - 2*w**2 - 3 + 8*w + 3*w**2. What is the remainder when 22 is divided by l(z)?
10
What is the remainder when (-1 - -4)*(-3)/(-9)*7 is divided by -4 + (-4)/(-2) + 7?
2
Suppose -2*r + 4*r - 6 = 0. Suppose -12 = -3*s + r. Calculate the remainder when 13 is divided by s.
3
Suppose 4*t + 1 = -3. Let n be -4 + 29 + 4 + t. Suppose 2*u + n = 4*u. What is the remainder when 27 is divided by u?
13
What is the remainder when 61 is divided by (-1 + 2 - -18) + -3?
13
Suppose -9*d = -12*d + 9. Suppose 5*q - 3*t = 4*q + 19, 0 = -4*q - d*t + 151. What is the remainder when q is divided by 12?
10
Let t be (1/2)/(1/6). Suppose 0*j = -s + 3*j - 2, t = j. Let d = 5 + 7. Calculate the remainder when d is divided by s.
5
Let s = -1 + 1. Let u(i) = -i + 28. What is the remainder when u(s) is divided by 15?
13
Suppose 148 = 25*s - 252. Calculate the remainder when s is divided by 5.
1
Suppose 0 = 11*g - 7*g - 92. Let i = -16 + g. What is the remainder when 13 is divided by i?
6
Let b = -3 - -9. Calculate the remainder when 22 is divided by b.
4
Let m = -1 + 9. Calculate the remainder when 29 is divided by m.
5
Let j(o) = 2*o - 2. Let r be j(4). Let k = 15 - r. Let m = 13 - k. Calculate the remainder when m is divided by 2.
0
Suppose 6*x - 6 = 3*x. Suppose -2*g + 2*i + 18 = 0, -16 - 21 = -5*g + i. What is the remainder when g is divided by x?
1
Suppose 5*i + 139 = 34. Suppose 3*n = b + 98, 5*n + b - 140 = n. Let j = n + i. What is the remainder when j is divided by 8?
5
Suppose 12 = -8*h + 4*h. Let c(d) = -d + 3. Calculate the remainder when ((-1)/h)/((-2)/(-66)) is divided by c(-3).
5
Let w = -36 - -51. What is the remainder when w is divided by (-3 - (-51)/15)*20?
7
Suppose 4*v - 16 = -2*a - 2*a, 4*a = -2*v + 4. What is the remainder when 27 is divided by v?
3
Suppose 9*j = 10*j - 2. What is the remainder when 3 is divided by j?
1
Let j(l) be the second derivative of l**5/20 + 5*l**4/12 - l**3/3 - 2*l**2 - l. Let u be j(-4). Calculate the remainder when (-14)/(-8)*1*u is divided by 12.
11
Suppose 383 + 225 = 4*l. Let y = l - 96. What is the remainder when y is divided by 19?
18
Suppose 2*k + 55 = 5*f, 4*f - 2*f - k - 22 = 0. What is the remainder when f is divided by 7?
4
Let h = 14 + -2. Calculate the remainder when 20 is divided by h.
8
Let o(k) = -k**3 + 4*k**2 - k + 1. Suppose 0 = -0*g - 4*g + 76. Calculate the remainder when g is divided by o(2).
5
Suppose a = 6*a + 40. Let u = 9 - -9. Let h = a + u. Calculate the remainder when 18 is divided by h.
8
Suppose -5*i + 20 = g, 4*i - 2 = -g + 15. Suppose -i*y = 4*b - 129, 0 = -0*b - 2*b. Calculate the remainder when y is divided by 16 - (1 + 0 + 0).
13
Let j = 77 - 39. Suppose -11*s + 217 = 74. What is the remainder when j is divided by s?
12
Let z(k) = k**3 + 2*k**2 + 2. What is the remainder when 49 is divided by z(2)?
13
Suppose 0*t = 5*t - 20. Calculate the remainder when 13 is divided by t.
1
What is the remainder when 70 is divided by 3/1 - (-8 + -1)?
10
Let i = -1 + -8. Let f = i + 5. Let c = 2 - f. What is the remainder when 16 is divided by c?
4
Suppose 7 = -2*y + 25. Let u = -98 + 157. Let h = u - 34. Calculate the remainder when h is divided by y.
7
Let n = 62 - 36. Calculate the remainder when 103 is divided by n.
25
Let d(a) = -a**3 - 4*a**2 + 3. Let k be d(-4). Suppose 7*n = k*n - 8. Let f = 20 - n. What is the remainder when f is divided by 8?
6
Let f = -44 + 73. What is the remainder when 85 is divided by f?
27
Let i be 0 + -1*(2 - 170). Suppose 5*s - 209 = d, 4*s + d - 2*d = i. Calculate the remainder when s is divided by 14.
13
Suppose -7 + 23 = 4*p. Suppose 0 = s, -3*s + s = p*g - 80. Calculate the remainder when g is divided by 11.
9
Suppose -2*a = -3*a + 5. Suppose -2*q = a*l - 186, -3*q = -4*q + 3. Calculate the remainder when l is divided by 19.
17
Suppose -2*w - 31 = 5*j, 3*w - w - 5*j - 19 = 0. Let a = 2 - w. Calculate the remainder when 9 is divided by a.
4
Suppose -5*j + j + 16 = 0. Suppose -v + j*v = 9. Suppose -4*q = -v*q - 15. What is the remainder when q is divided by 8?
7
Suppose 18 - 66 = -2*c. Let k be 90 + 1/((-2)/(-2)). Suppose -k = -5*d + c. What is the remainder when d is divided by 8?
7
Let o = 49 - 31. Let c be (-1036)/12 + (-3)/(-9). Let d = c + 138. What is the remainder when d is divided by o?
16
Suppose 0 = -2*j + 3 + 29. What is the remainder when 30 is divided by j?
14
Let c = 60 - 41. What is the remainder when c is divided by 4?
3
Suppose 24 = 3*u + u. Calculate the remainder when u is divided by (16/(-10))/((-4)/10).
2
Let c = 17 + -10. Let a(d) = 20*d**2 - 2*d + 1. What is the remainder when a(1) is divided by c?
5
Let c be 2/((-3)/((-30)/4)). Suppose -d + 12 = -x + 29, 0 = -c*x + 2*d + 82. Calculate the remainder when x is divided by (-184)/(-20) + (-2)/10.
7
Suppose 0 = 3*u + 3*x - 312, -2*x = -u - u + 196. What is the remainder when u/4 + 5/(-20) is divided by 13?
12
Let q(p) = -5*p**2 - 2*p - 1. Let r be q(-1). Let j be -56*((-10)/r - 2). What is the remainder when j*(-2 + (1 - 0)) is divided by 10?
8
Let m(f) = -f**3 - 7*f**2 - 5*f + 8. Let y be m(-6). Let l be y/5 - 39/(-15). Calculate the remainder when 11 is divided by 3*(l + -2 + 0).
2
Suppose 5*u - 20 = 0, 5*h = 3*u - 0*u + 43. Calculate the remainder when 30 is divided by h.
8
Let o(u) = -u**3 - u**2 + 2*u + 1. Suppose c - 5*c + 24 = 0. Suppose -4*q - c = -q. Calculate the remainder when 2 is divided by o(q).
0
Let p = 32 + -8. Suppose -10*s - 52 = -14*s. Calculate the remainder when p is divided by s.
11
Let p(o) = -o**2 + 22. Let k = -15 - -56. What is the remainder when k is divided by p(0)?
19
Let w(h) = 16*h**2 + h + 1. Calculate the remainder when w(-1) is divided by 2.
0
Let b be 4/18 - 14/(-18). What is the remainder when 4*b - (-275)/5 is divided by 12?
11
What is the remainder when (6 - -15 - 2) + (0 - 1) is divided by 5?
3
Let c = 17 + -15. What is the remainder when c is divided by 1?
0
Let r = 15 - 5. Suppose 2*h + 2*h + 8 = 0, 3*h = -2*n - 6. Suppose -5*i + n*i = -90. What is the remainder when i is divided by r?
8
Let d(i) = 7*i**2 + 2*i. Let u be d(-2). Calculate the remainder when ((-2)/4)/(1/(-8)) is divided by 66/u + 6/(-8).
0
Let q = 1 - -2. Suppose 5*m = -0*m - 2*r - 58, -q*m - 4*r - 32 = 0. Let t = m + 29. What is the remainder when t is divided by 9?
8
Let k(q) = q**3 - 3*q - 2. Suppose 3*d = 7*d - 240. Calculate the remainder when d is divided by k(3).
12
Let p(g) = 2*g**2 - 3*g + 3. Suppose -2*z = -2*h + 18, -6*h - 7 = 3*z - 5*h. Let u(b) = b**2 - 4*b. Calculate the remainder when p(z) is divided by u(6).
11
Suppose -6*u = -2*u - 84. Suppose 3*n = 3*o + u, 2*n - o = -0*o + 15. What is the remainder when 22 is divided by n?
6
Let k = 18 + -8. Let b(f) = -4*f**2 + 4. Let p(j) = 